on divisor of 74 and 925.
37
Calculate the greatest common factor of 328 and 1376.
8
Calculate the highest common divisor of 20 and 205.
5
Calculate the highest common divisor of 168 and 3192.
168
What is the greatest common factor of 312 and 221?
13
What is the greatest common factor of 270 and 36?
18
What is the greatest common divisor of 585 and 2106?
117
Calculate the greatest common factor of 255 and 612.
51
Calculate the highest common divisor of 81 and 1728.
27
What is the highest common factor of 1537 and 58?
29
What is the greatest common divisor of 145 and 232?
29
Calculate the highest common factor of 384 and 48.
48
What is the greatest common factor of 260 and 390?
130
What is the highest common divisor of 130 and 50?
10
What is the highest common factor of 10 and 35?
5
Calculate the highest common divisor of 175 and 1675.
25
Calculate the greatest common factor of 1504 and 576.
32
What is the greatest common divisor of 312 and 507?
39
Calculate the highest common factor of 299 and 69.
23
Calculate the greatest common divisor of 444 and 4107.
111
Calculate the greatest common divisor of 38 and 24.
2
What is the greatest common divisor of 328 and 205?
41
What is the highest common factor of 1286 and 2?
2
Calculate the highest common factor of 47 and 517.
47
Calculate the highest common factor of 252 and 954.
18
What is the highest common factor of 7067 and 191?
191
Calculate the greatest common divisor of 23 and 1357.
23
What is the greatest common factor of 1495 and 65?
65
Calculate the highest common factor of 225 and 171.
9
Calculate the greatest common factor of 7 and 16.
1
What is the highest common factor of 536 and 201?
67
Calculate the highest common divisor of 216 and 288.
72
Calculate the greatest common factor of 1 and 1.
1
Calculate the highest common factor of 585 and 130.
65
Calculate the highest common divisor of 82 and 5371.
41
What is the greatest common factor of 31150 and 350?
350
What is the greatest common divisor of 12 and 3006?
6
Calculate the greatest common factor of 70 and 355.
5
Calculate the highest common divisor of 5339 and 4777.
281
What is the greatest common divisor of 30 and 190?
10
What is the greatest common factor of 1264 and 474?
158
Calculate the greatest common divisor of 2512 and 16.
16
Calculate the greatest common factor of 100 and 4.
4
Calculate the highest common factor of 12 and 3516.
12
Calculate the highest common factor of 3175 and 125.
25
Calculate the greatest common divisor of 468 and 204.
12
What is the highest common factor of 1827 and 63?
63
Calculate the highest common divisor of 136 and 104.
8
Calculate the greatest common factor of 18 and 558.
18
What is the highest common divisor of 255 and 5440?
85
Calculate the highest common divisor of 5858 and 116.
58
Calculate the highest common factor of 275 and 25.
25
What is the highest common divisor of 22 and 374?
22
Calculate the greatest common factor of 291 and 3.
3
Calculate the highest common factor of 210 and 230.
10
Calculate the highest common divisor of 128 and 4.
4
What is the greatest common factor of 1276 and 812?
116
Calculate the highest common factor of 1000 and 40.
40
What is the greatest common divisor of 3608 and 492?
164
What is the highest common divisor of 90 and 240?
30
What is the highest common divisor of 6789 and 93?
93
Calculate the greatest common divisor of 1617 and 245.
49
What is the highest common factor of 28 and 4172?
28
What is the highest common factor of 6184 and 24?
8
Calculate the greatest common factor of 36 and 600.
12
What is the greatest common factor of 893 and 532?
19
Calculate the greatest common factor of 9 and 1719.
9
Calculate the greatest common divisor of 930 and 84.
6
What is the highest common divisor of 583 and 106?
53
Calculate the greatest common divisor of 5035 and 159.
53
What is the greatest common divisor of 30 and 474?
6
What is the greatest common factor of 25 and 400?
25
What is the greatest common factor of 127855 and 35?
35
Calculate the greatest common factor of 276 and 12.
12
Calculate the highest common factor of 54 and 2682.
18
What is the highest common divisor of 3 and 45?
3
Calculate the highest common factor of 868 and 1364.
124
What is the greatest common factor of 20 and 56?
4
Calculate the greatest common divisor of 116 and 12.
4
Calculate the highest common divisor of 20 and 180.
20
Calculate the greatest common divisor of 35 and 40.
5
Calculate the highest common divisor of 190 and 30.
10
What is the greatest common divisor of 113 and 21583?
113
Calculate the highest common factor of 208 and 91.
13
Calculate the greatest common factor of 10 and 310.
10
Calculate the greatest common factor of 608 and 38.
38
Calculate the greatest common divisor of 288 and 224.
32
Calculate the greatest common factor of 83223 and 9.
9
What is the greatest common factor of 567 and 9234?
81
What is the greatest common divisor of 58 and 4118?
58
What is the greatest common divisor of 120 and 780?
60
What is the greatest common divisor of 52 and 91?
13
Calculate the greatest common divisor of 56 and 20.
4
Calculate the greatest common divisor of 147 and 21.
21
What is the greatest common factor of 165 and 11?
11
Calculate the greatest common divisor of 130 and 234.
26
Calculate the greatest common factor of 1 and 1223.
1
What is the highest common factor of 27 and 981?
9
What is the greatest common divisor of 3364 and 232?
116
Calculate the greatest common divisor of 259 and 56.
7
Calculate the highest common divisor of 65 and 221.
13
What is the highest common divisor of 416 and 130?
26
Calculate the greatest common divisor of 10 and 2905.
5
Calculate the greatest common divisor of 4676 and 28.
28
What is the highest common divisor of 7228 and 1248?
52
Calculate the highest common factor of 38 and 18962.
38
What is the highest common factor of 182 and 78?
26
Calculate the greatest common divisor of 41 and 10783.
41
What is the greatest common factor of 3824 and 16?
16
What is the greatest common divisor of 1629 and 45?
9
What is the highest common factor of 444 and 12?
12
What is the greatest common divisor of 36 and 18?
18
What is the greatest common factor of 730 and 10?
10
Calculate the greatest common divisor of 190 and 10.
10
What is the greatest common factor of 44 and 1188?
44
What is the highest common factor of 34 and 51?
17
What is the highest common divisor of 15 and 129?
3
What is the highest common divisor of 930 and 390?
30
What is the highest common divisor of 455 and 9828?
91
What is the greatest common factor of 75 and 6?
3
What is the greatest common divisor of 552 and 144?
24
What is the highest common divisor of 3097 and 815?
163
Calculate the greatest common divisor of 144 and 4176.
144
Calculate the highest common factor of 10 and 4365.
5
What is the highest common divisor of 324 and 468?
36
Calculate the highest common divisor of 72 and 54.
18
Calculate the highest common divisor of 1235 and 10.
5
What is the greatest common factor of 544 and 17?
17
Calculate the highest common factor of 39 and 62439.
39
Calculate the highest common divisor of 20 and 2780.
20
Calculate the greatest common divisor of 14904 and 69.
69
What is the highest common factor of 192 and 512?
64
What is the highest common divisor of 96 and 240?
48
Calculate the greatest common divisor of 750 and 24.
6
What is the highest common factor of 169 and 208?
13
Calculate the highest common divisor of 7 and 567.
7
Calculate the greatest common divisor of 6631 and 38.
19
What is the highest common divisor of 128 and 3328?
128
Calculate the highest common factor of 235 and 1645.
235
What is the highest common factor of 12 and 402?
6
What is the highest common divisor of 3611 and 23?
23
Calculate the greatest common divisor of 830 and 20.
10
What is the highest common factor of 370 and 80?
10
What is the greatest common divisor of 76 and 247?
19
What is the highest common factor of 940 and 60?
20
Calculate the highest common factor of 94290 and 210.
210
What is the highest common factor of 27 and 459?
27
What is the highest common divisor of 144 and 96?
48
What is the greatest common factor of 106 and 18232?
106
Calculate the highest common divisor of 119 and 68.
17
Calculate the highest c